?
-12
Let j(f) = -f - 1. Give j(-18).
17
Let d(z) = z**2 + 14*z + 24. What is d(-12)?
0
Let q(x) = x**2 - 10*x - 5. Determine q(8).
-21
Let t(g) = -g**2 + 13*g + 7. Calculate t(14).
-7
Let p(d) = 3*d - 12. Calculate p(11).
21
Let c(o) = -3*o + 34. Give c(-5).
49
Let j(h) = -h**2 - 8*h + 7. What is j(-8)?
7
Let p(v) = -11*v + 76. Determine p(7).
-1
Let d(r) = -r - 23. What is d(12)?
-35
Let b(n) = -n**2 + 31*n - 15. What is b(30)?
15
Let a(m) = 5*m**2 - 1. Give a(-1).
4
Let j(c) = 3*c**2 - 10*c - 12. Calculate j(5).
13
Let c(h) = -3*h + 18. Calculate c(7).
-3
Let u(i) = -i**2 - 18*i + 5. Give u(-16).
37
Let b(t) = 4*t**3 - 3*t**2 + t + 1. Give b(1).
3
Let r(k) = 6*k**2 + 27*k - 3. Determine r(-5).
12
Let h(f) = -f**2 + 6*f - 4. Determine h(7).
-11
Let r(d) = 4*d - 1. Calculate r(-2).
-9
Let x(a) = a**3 - 3*a**2 - 11*a - 1. Calculate x(5).
-6
Let l(b) = -2*b**3 - 6*b**2 - 6*b - 2. What is l(-4)?
54
Let h(s) = -s**2 + 5*s - 9. Give h(6).
-15
Let p(k) = -10*k**3 - k**2 - k - 1. Calculate p(-1).
9
Let i(n) = -3*n - 42. Determine i(-3).
-33
Let d(w) = 9*w - 21. Give d(1).
-12
Let s(g) = 4*g**3 - 3*g**2 - 6*g + 5. Give s(3).
68
Let k(i) = -7*i**2 + 2*i - 2. Determine k(-2).
-34
Let m(w) = w**3 - 20*w**2 + 2*w - 38. Calculate m(20).
2
Let q(u) = -u**2 + 10*u - 3. Give q(4).
21
Let y(f) = -16*f**3 + 3*f**2 - 3*f + 3. Determine y(2).
-119
Let h(w) = -w**2 - 8*w + 44. Calculate h(-11).
11
Let m(r) = r**2 + r - 22. Give m(-6).
8
Let h(b) = -b - 9. What is h(-8)?
-1
Let m(s) = 3*s - 19. Give m(-9).
-46
Let q(c) = -c**2 - 3*c + 38. What is q(-8)?
-2
Let p(f) = -2*f**3 + 4*f**2 + 4*f - 5. Calculate p(1).
1
Let f(k) = -k**3 - 9*k**2 + 20. Calculate f(-9).
20
Let j(i) = i + 7. What is j(19)?
26
Let n(t) = 2*t**2 - 12*t + 4. Give n(5).
-6
Let w(y) = -y**3 + 8*y**2 - 8*y + 3. What is w(7)?
-4
Let t(c) = -3*c**2 + 4. Calculate t(-3).
-23
Let v(b) = b**2 + 5*b - 3. Calculate v(-5).
-3
Let f(z) = z**2 - 31*z - 110. Calculate f(34).
-8
Let f(b) = -b**3 - 24*b**2 + 25*b + 1. Calculate f(-25).
1
Let t(y) = -y**3 - 11*y**2 - 7*y + 14. What is t(-11)?
91
Let u(g) = -3*g**2 - 88*g + 67. Determine u(-30).
7
Let z(t) = -t**3 - 5*t**2 - 5. Give z(-5).
-5
Let a(b) = -2*b - 2. Determine a(-1).
0
Let j(c) = 6*c**3 + 66*c**2 - c - 10. What is j(-11)?
1
Let z(x) = -3*x**2 - 5. Determine z(0).
-5
Let x(k) = -k**3 + 8*k**2 + 2*k - 15. Calculate x(8).
1
Let y(j) = 5*j + 11. Calculate y(-2).
1
Let n(c) = 2*c - 1. Give n(3).
5
Let l(z) = z**3 + 11*z**2 + z + 12. What is l(-11)?
1
Let o(u) = 10*u + 45. Calculate o(-6).
-15
Let b(o) = 5*o + 1. Determine b(-2).
-9
Let u(x) = -x**3 + 3*x**2 + 12. Calculate u(4).
-4
Let n(v) = -v**3 - 13*v**2 + 14*v + 15. Determine n(-14).
15
Let o(p) = -8*p**2 - 2*p + 5. Determine o(-3).
-61
Let m(n) = -n**2 - 3*n + 7. Calculate m(3).
-11
Let j(u) = -u**3 + 10*u**2 - 13*u - 3. What is j(9)?
-39
Let g(v) = 6*v**2 + v + 21. Calculate g(-4).
113
Let t(x) = -x**2 - 16*x + 20. Calculate t(-17).
3
Let d(t) = -11*t + 65. What is d(7)?
-12
Let g(w) = 3*w**2 + 10*w - 10. Calculate g(-5).
15
Let t(d) = d**3 + 16*d**2 + 19. Calculate t(-16).
19
Let x(v) = 6*v. Determine x(1).
6
Let a(f) = -f**3 - 12*f**2 + 17*f + 32. What is a(-13)?
-20
Let y(o) = -o**2 - o + 40. What is y(-7)?
-2
Let s(i) = i**3 - 10*i**2 + 22*i - 5. Determine s(7).
2
Let k(f) = -f**3 - 7*f**2 + 23*f + 23. What is k(-9)?
-22
Let q(p) = 43*p**3 - 2*p**2 + p. Give q(1).
42
Let s(g) = -g**2 + 2. Determine s(-3).
-7
Let w(r) = r**3 - 2*r**2 - 2*r - 2. Give w(3).
1
Let p(w) = w**2 + 7*w + 9. What is p(-3)?
-3
Let z(h) = -h - 9. Determine z(-11).
2
Let j(g) = -6*g + 74. What is j(14)?
-10
Let x(s) = 2*s**3. What is x(-1)?
-2
Let h(o) = 4*o**2 - o - 6. Determine h(0).
-6
Let a(w) = 2*w**2 - 56*w - 74. Determine a(29).
-16
Let w(h) = 3*h - 6. Calculate w(5).
9
Let l(f) = -f**3 - 11*f**2 + 11*f + 1. What is l(-12)?
13
Let c(v) = v**2 - 25*v + 77. Give c(22).
11
Let w(g) = -12*g + 73. What is w(5)?
13
Let j(w) = w**2 + 3*w - 9. Determine j(-6).
9
Let g(c) = -4*c**2 - 4*c - 1. Give g(-1).
-1
Let a(f) = 3*f**2 + 16*f + 3. Calculate a(-8).
67
Let s(p) = 5*p - 50. Determine s(15).
25
Let g(b) = -11*b + 2. Determine g(2).
-20
Let y(k) = 7*k + 14. Calculate y(-11).
-63
Let m(a) = -a**2 + 12*a + 8. Give m(6).
44
Let g(d) = -d**2 - 5*d - 5. Determine g(-5).
-5
Let x(p) = -4*p**3 - 2*p + 1. What is x(1)?
-5
Let g(s) = 5*s**3 + 2*s**2 + s - 3. Give g(2).
47
Let w(q) = q**3 + 11*q**2 + 9*q - 2. Give w(-10).
8
Let w(t) = 40*t**3 + t + 1. Determine w(-1).
-40
Let m(h) = -h**3 + 5*h**2 - 7*h + 9. What is m(5)?
-26
Let m(l) = l + 6. What is m(0)?
6
Let o(j) = -j**3 - 6*j**2 + 8*j - 15. Determine o(-7).
-22
Let j(z) = z**3 + 19*z**2 + 2*z - 2. What is j(-19)?
-40
Let d(t) = 13*t**2 + 260*t - 2. What is d(-20)?
-2
Let n(u) = -3*u**3 - 2*u**2 - 2*u - 9. Give n(0).
-9
Let x(d) = d**2 - 15*d + 6. Calculate x(12).
-30
Let i(y) = y**3 - 4*y**2 + 4*y + 4. Give i(4).
20
Let u(w) = -w**3 + 2*w**2 + 14*w + 12. Give u(5).
7
Let x(d) = -3*d - 13. What is x(-3)?
-4
Let i(j) = -28*j + 16. Give i(3).
-68
Let d(z) = -z + 46. Give d(34).
12
Let x(o) = 3*o - 12. Calculate x(-3).
-21
Let v(f) = f**3 + 6*f**2 - 4*f + 2. Determine v(-7).
-19
Let p(q) = 2*q**3 - 2*q**2 + 4*q - 1. Give p(3).
47
Let u(x) = 23*x + 3. Determine u(-6).
-135
Let f(d) = -17*d**2 + d + 2. Determine f(1).
-14
Let i(c) = -c**3 - c - 119. Give i(0).
-119
Let b(j) = j**3 - 19*j**2 - 22*j + 28. Calculate b(20).
-12
Let f(b) = -2*b - 26. Give f(-9).
-8
Let f(o) = -o**2 - 14*o - 4. Determine f(-13).
9
Let y(n) = -4*n**2 + 6*n - 5. Calculate y(4).
-45
Let k(c) = -2*c**3 - 32*c**2 + 3*c + 49. Determine k(-16).
1
Let l(d) = 13*d. Calculate l(-2).
-26
Let u(l) = 38*l - 722. What is u(19)?
0
Let k(z) = -z + 12. Calculate k(-6).
18
Let j(n) = 18*n + 176. What is j(-10)?
-4
Let d(c) = -c**2 - 7*c - 41. What is d(-8)?
-49
Let k(j) = -2*j**3 - 8*j**2 - 4*j - 3. Determine k(-3).
-9
Let h(p) = 4*p - 35. Calculate h(18).
37
Let k(r) = -r**2 - 13*r - 6. Give k(-12).
6
Let w(q) = -q**3 + 2*q. What is w(2)?
-4
Let q(k) = k**2 - 3*k - 28. What is q(0)?
-28
Let q(v) = -4*v + 186. Determine q(45).
6
Let p(i) = 2*i**2 + 3*i - 12. What is p(-9)?
123
Let g(p) = -5*p + 5. Give g(3).
-10
Let d(g) = g**3 - 2*g**2 + g - 4. Determine d(3).
8
Let t(g) = -3*g**2 - 17*g - 30. Calculate t(-4).
-10
Let j(f) = -2*f**2 + 3*f + 8. Determine j(6).
-46
Let p(x) = x**3 + x**2 - 6*x - 6. Determine p(4).
50
Let g(d) = -d**2 - d + 41. Determine g(0).
41
Let t(i) = -38*i. What is t(-1)?
38
Let b(k) = -k**3 + 14*k**2 - 48*k + 17. What is b(8)?
17
Let c(n) = 2*n - 5. What is c(4)?
3
Let i(m) = -4*m. Give i(-4).
16
Let y(j) = -j**2 + 7*j - 5. Give y(10).
-35
Let g(o) = -o**3 - 5*o**2 + 5. Give g(-5).
5
Let m(c) = -c**3 + c**2 + 5*c - 2. Calculate m(3).
-5
Let s(d) = -d**3 - 16*d**2 - 56*d - 93. What is s(-12)?
3
Let z(p) = -p**3 + 14*p**2 + 13*p + 38. Determine z(15).
8
Let n(j) = -j**2 - 8*j - 7. What is n(-3)?
8
Let x(i) = i**3 + 2*i + 14. Give x(0).
14
Let u(l) = -3*l**2 - 8. Determine u(4).
-56
Let l(n) = -2*n**3 + n**2 - n + 1. Give l(1).
-1
Let b(t) = -9*t + 11. Determine b(0).
11
Let b(z) = z**3 + 10*z**2 - 13*z - 6. Calculate b(-11).
16
Let k(n) = n**2 + 7*n - 46. What is k(-11)?
-2
Let y(n) = -16*n**2 + 64*n - 1. Calculate y(4).
-1
Let r(p) = -3*p + 10. Give r(4).
-2
Let o(n) = n**3 - 56*n**2 + 60*n - 278. Calculate o(55).
-3
Let x(k) = k - 3. What is x(3)?
0
Let a(w) = -4*w - 16. Determine a(-3).
-4
Let a(n) = -12*n + 137. Determine a(14).
-31
Let y(d) = -2*d**2 + 19*d - 29. Determine y(8).
-5
Let s(p) = -p**2 + 13*p + 23. What is s(12)?
35
Let d(q) = 3*q. What is d(0)?
0
Let r(i) = -i + 13. Determine r(0).
13
Let p(w) = -19*w + 2. Give p(-1).
21
Let t(s) = 5*s**3 + 5*s**2 + 3*s - 3. Give t(-2).
-29
Let h(n) = n**2 - 4*n + 1. Determine h(6).
13
Let c(d) = d**3 + 5*d**2 - d - 6. What is c(-5)?
-1
Let w(c) = -c**3 - 13*c**2 - 13*c - 22. Give w(-12).
-10
Let z(o) = -o**3 + 7*o**2 + 3*o - 3. Determine z(7).
18
Let c(r) = 8*r - 19. Calculate c(2).
-3
Let a(o) = 3*o + 6. Calculate a(-5).
-9
Let p(j) = -7*j + 6. Calculate p(-2).
20
Let a(h) = -2*h**2 - 6*h + 13. Determine a(-5).
-7
Let p(j) = -2*j**2 + 3*j + 1. Give p(0).
1
Let a(c) = -7*c**2. Give a(-1).
-7
Let w(o) = -63*o - 500. Give w(-8).
4
Let j(m) = -2*m